{"id":9387,"date":"2017-06-07T16:35:31","date_gmt":"2017-06-07T18:35:31","guid":{"rendered":"http:\/\/www.encontraitaquera.com.br\/sobre\/?page_id=9387"},"modified":"2017-06-23T11:56:02","modified_gmt":"2017-06-23T13:56:02","slug":"fatec-itaquera","status":"publish","type":"page","link":"https:\/\/www.encontraitaquera.com.br\/sobre\/fatec-itaquera\/","title":{"rendered":"FATEC Itaquera"},"content":{"rendered":"<div class=\"f6a401da1b960306e8d5ff784b0b5528\" data-index=\"1\" style=\"float: none; margin:0px;\">\n<!-- Anuncio display - global -->\r\n<ins class=\"adsbygoogle\"\r\n     style=\"display:block\"\r\n     data-ad-client=\"ca-pub-8585364105181520\"\r\n     data-ad-slot=\"8789329856\"\r\n     data-ad-format=\"auto\"\r\n     data-full-width-responsive=\"true\"><\/ins>\r\n<script>\r\n     (adsbygoogle = window.adsbygoogle || []).push({});\r\n<\/script>\n<\/div>\n<p>A <strong>Fatec Itaquera &#8211; Miguel Reale<\/strong> implantada em 06 de agosto de 2012 \u00e9 uma institui\u00e7\u00e3o de ensino superior de tecnologia, localizada no bairro de Itaquera na Zona Leste da cidade de S\u00e3o Paulo.<\/p>\n<p>A <em>Fatec Itaquera<\/em> \u00e9 mantida pelo <em>Centro Paula Souza (CEETESP)<\/em> e vinculada a <em>Secretaria do Desenvolvimento do Governo do Estado de S\u00e3o Paulo.<\/em><\/p>\n<p><img loading=\"lazy\" decoding=\"async\" class=\"alignnone wp-image-9390 \" title=\"Fatec Itaquera\" src=\"http:\/\/www.encontraitaquera.com.br\/sobre\/wp-content\/uploads\/2017\/06\/fatec-itaquera.jpg\" alt=\"Fatec Itaquera\" width=\"728\" height=\"258\" srcset=\"https:\/\/www.encontraitaquera.com.br\/sobre\/wp-content\/uploads\/2017\/06\/fatec-itaquera.jpg 533w, https:\/\/www.encontraitaquera.com.br\/sobre\/wp-content\/uploads\/2017\/06\/fatec-itaquera-300x106.jpg 300w\" sizes=\"(max-width: 728px) 100vw, 728px\" \/><\/p>\n<p>A meta da <em>Fatec Itaquera<\/em> \u00e9 desenvolver um centro educacional de esp\u00edrito coletivo e participativo, propondo-se a realizar estudos e acreditando no potencial humano como agente transformador do processo educacional brasileiro.<\/p>\n<h2>Fatec Itaquera\u00a0Cursos<\/h2>\n<ul>\n<li>Automa\u00e7\u00e3o Industrial<\/li>\n<li>Fabrica\u00e7\u00e3o Mec\u00e2nica<\/li>\n<li>Mec\u00e2nica: Processo de Soldagem<\/li>\n<li>Refrigera\u00e7\u00e3o, Ventila\u00e7\u00e3o e Ar Condicionado<\/li>\n<\/ul>\n<h3>O que \u00e9 a\u00a0Faculdades de Tecnologia do Estado de S\u00e3o Paulo &#8211; Fatec?<\/h3>\n<p>As<em> Faculdades de Tecnologia do Estado de S\u00e3o Paulo (FATECs)<\/em> s\u00e3o institui\u00e7\u00f5es p\u00fablicas de ensino superior pertencentes ao<em> Centro Estadual de Educa\u00e7\u00e3o Tecnol\u00f3gica Paula Souza (CEETEPS)<\/em>, autarquia do <em>Governo do Estado de S\u00e3o Paulo<\/em> vinculada \u00e0<em> Secretaria de Desenvolvimento Econ\u00f4mico, Ci\u00eancia e Tecnologia<\/em>. \u00c9 uma das seis institui\u00e7\u00f5es estaduais de educa\u00e7\u00e3o superior mantidas pelo governo do estado de <em>S\u00e3o Paulo<\/em>.<\/p>\n<p>Idealizada por<em> Ant\u00f4nio Francisco de Paula Sousa,<\/em> as <em>Fatecs<\/em> t\u00eam como objetivo formar tecn\u00f3logos, profissionais cujas \u00e1reas de atua\u00e7\u00e3o s\u00e3o mais espec\u00edficas em rela\u00e7\u00e3o \u00e0s demais modalidades de gradua\u00e7\u00e3o (bacharelado e licenciatura).<\/p>\n<p>As<em> FATECs<\/em> s\u00e3o importantes institui\u00e7\u00f5es brasileiras de ensino superior, sendo pioneiras na gradua\u00e7\u00e3o de tecn\u00f3logos. Elas est\u00e3o localizadas em diversas cidades paulistas, com cinco campi na capital e v\u00e1rias outras unidades na Grande S\u00e3o Paulo, interior e litoral.<\/p>\n<h3>Fatec Itaquera SIGA<\/h3>\n<p><em>SIGA<\/em> \u00e9 o <em>Portal<\/em> que durante a vida escolar do aluno dentro da<em> Fatec<\/em> ser\u00e1 a interface onde o aluno poder\u00e1 ter ci\u00eancia de sua vida acad\u00eamica.<\/p>\n<h3>Hor\u00e1rio de Funcionamento Fatec Itaquera<\/h3>\n<ul>\n<li>Segunda a sexta: Manh\u00e3 das 10h \u00e0s 12h \u2013 Tarde das 13h \u00e0s 16h \u2013 Noite das 18h \u00e0s 20h<\/li>\n<\/ul>\n<h3>Endere\u00e7o e Telefone Fatec de Itaquera<\/h3>\n<ul>\n<li>Av. Miguel Ign\u00e1cio Curi, S\/N, Itaquera &#8211; S\u00e3o Paulo &#8211; SP<\/li>\n<li>Telefone: (11) 2056-4347<\/li>\n<\/ul>\n<h4>Outras informa\u00e7\u00f5es e site:<\/h4>\n<ul>\n<li>Mais informa\u00e7\u00f5es:\u00a0<a href=\"http:\/\/www.fatecitaquera.edu.br\" target=\"_blank\" rel=\"noopener noreferrer\">www.fatecitaquera.edu.br<\/a><\/li>\n<\/ul>\n<h4>Mapa de localiza\u00e7\u00e3o:<\/h4>\n<a class=\"wp-colorbox-iframe\" href=\"https:\/\/www.google.com\/maps\/embed?pb=!1m14!1m8!1m3!1d14630.603168025513!2d-46.4680615!3d-23.5450592!3m2!1i1024!2i768!4f13.1!3m3!1m2!1s0x00x7ea3cabece8e5d7a!2sFatec+Itaquera!5e0!3m2!1spt-BR!2sbr!4v1496860421002\"><img decoding=\"async\" src=\"http:\/\/www.encontraitaquera.com.br\/imgs\/maps-post.png\"><\/a>\n\n<div style=\"font-size: 0px; height: 0px; line-height: 0px; margin: 0; padding: 0; clear: both;\"><\/div>","protected":false},"excerpt":{"rendered":"<p>A Fatec Itaquera &#8211; Miguel Reale implantada em 06 de agosto de 2012 \u00e9 uma institui\u00e7\u00e3o de ensino superior de tecnologia, localizada no bairro de Itaquera na Zona Leste da cidade de S\u00e3o Paulo. A Fatec Itaquera \u00e9 mantida pelo Centro Paula Souza (CEETESP) e vinculada a Secretaria do Desenvolvimento do Governo do Estado de S\u00e3o Paulo. A meta da Fatec Itaquera \u00e9 desenvolver um centro educacional de esp\u00edrito coletivo e participativo, propondo-se a realizar estudos e acreditando no potencial humano como agente transformador do processo educacional brasileiro. Fatec Itaquera\u00a0Cursos Automa\u00e7\u00e3o Industrial Fabrica\u00e7\u00e3o Mec\u00e2nica Mec\u00e2nica: Processo de Soldagem Refrigera\u00e7\u00e3o, Ventila\u00e7\u00e3o <\/p>\n","protected":false},"author":1,"featured_media":0,"parent":0,"menu_order":0,"comment_status":"closed","ping_status":"closed","template":"","meta":{"footnotes":""},"class_list":["post-9387","page","type-page","status-publish","hentry"],"_links":{"self":[{"href":"https:\/\/www.encontraitaquera.com.br\/sobre\/wp-json\/wp\/v2\/pages\/9387"}],"collection":[{"href":"https:\/\/www.encontraitaquera.com.br\/sobre\/wp-json\/wp\/v2\/pages"}],"about":[{"href":"https:\/\/www.encontraitaquera.com.br\/sobre\/wp-json\/wp\/v2\/types\/page"}],"author":[{"embeddable":true,"href":"https:\/\/www.encontraitaquera.com.br\/sobre\/wp-json\/wp\/v2\/users\/1"}],"replies":[{"embeddable":true,"href":"https:\/\/www.encontraitaquera.com.br\/sobre\/wp-json\/wp\/v2\/comments?post=9387"}],"version-history":[{"count":8,"href":"https:\/\/www.encontraitaquera.com.br\/sobre\/wp-json\/wp\/v2\/pages\/9387\/revisions"}],"predecessor-version":[{"id":9561,"href":"https:\/\/www.encontraitaquera.com.br\/sobre\/wp-json\/wp\/v2\/pages\/9387\/revisions\/9561"}],"wp:attachment":[{"href":"https:\/\/www.encontraitaquera.com.br\/sobre\/wp-json\/wp\/v2\/media?parent=9387"}],"curies":[{"name":"wp","href":"https:\/\/api.w.org\/{rel}","templated":true}]}}