{"id":9572,"date":"2017-06-09T16:20:52","date_gmt":"2017-06-09T18:20:52","guid":{"rendered":"http:\/\/www.encontraitaquera.com.br\/sobre\/?page_id=9572"},"modified":"2017-06-09T16:22:06","modified_gmt":"2017-06-09T18:22:06","slug":"hospital-planalto-itaquera","status":"publish","type":"page","link":"https:\/\/www.encontraitaquera.com.br\/sobre\/hospital-planalto-itaquera\/","title":{"rendered":"Hospital Planalto Itaquera"},"content":{"rendered":"<div class=\"f6a401da1b960306e8d5ff784b0b5528\" data-index=\"1\" style=\"float: none; margin:0px;\">\n<!-- Anuncio display - global -->\r\n<ins class=\"adsbygoogle\"\r\n     style=\"display:block\"\r\n     data-ad-client=\"ca-pub-8585364105181520\"\r\n     data-ad-slot=\"8789329856\"\r\n     data-ad-format=\"auto\"\r\n     data-full-width-responsive=\"true\"><\/ins>\r\n<script>\r\n     (adsbygoogle = window.adsbygoogle || []).push({});\r\n<\/script>\n<\/div>\n<p>O <em>Hospital Municipal Professor Dr. Waldomiro de Paula<\/em> conhecido popularmente por <strong>Hospital Planalto Itaquera<\/strong>, \u00e9 um hospital da rede p\u00fablica e est\u00e1 sobre a responsabilidade da <em>Prefeitura de S\u00e3o Paulo<\/em>.<\/p>\n<p>Localizado em <em>Itaquera<\/em>, na zona leste de <em>S\u00e3o Paulo<\/em> foi inaugurado em outubro de 1984 e atende cerca de 17.300 pessoas ao m\u00eas.<\/p>\n<p><img loading=\"lazy\" decoding=\"async\" class=\"alignnone wp-image-9573 \" title=\"Hospital Planalto Itaquera\" src=\"http:\/\/www.encontraitaquera.com.br\/sobre\/wp-content\/uploads\/2017\/06\/hospital-planalto-itaquera.jpg\" alt=\"Hospital Planalto Itaquera\" width=\"672\" height=\"219\" srcset=\"https:\/\/www.encontraitaquera.com.br\/sobre\/wp-content\/uploads\/2017\/06\/hospital-planalto-itaquera.jpg 580w, https:\/\/www.encontraitaquera.com.br\/sobre\/wp-content\/uploads\/2017\/06\/hospital-planalto-itaquera-300x98.jpg 300w\" sizes=\"(max-width: 672px) 100vw, 672px\" \/><\/p>\n<p>Al\u00e9m do atendimento de urg\u00eancia, s\u00e3o realizadas consultas e pequenos procedimentos, sem necessidade de agendamentos. Os exames laboratoriais de emerg\u00eancia e de raios-x ser\u00e3o realizados no pr\u00f3prio <em>Hospital Planalto<\/em>.<\/p>\n<h2>Hospital Planalto Itaquera Maternidade<\/h2>\n<p>O <em>Hospital Planalto<\/em> abriga uma maternidade p\u00fablica, j\u00e1 bem conhecida na regi\u00e3o e na cidade de <em>S\u00e3o Paulo.\u00a0<\/em><\/p>\n<h3>Vagas Hospital Planalto Itaquera &#8211; Trabalhe Conosco<\/h3>\n<p>O <em>Hospital Planalto Itaquera<\/em> disponibiliza algumas vagas de trabalho durante alguns per\u00edodos do ano. Para se informar sobre os processos seletivos e se candidatar as vagas acompanhe nossas redes sociais, onde \u00e9 poss\u00edvel se informar sobre vagas dispon\u00edveis, sal\u00e1rios e compet\u00eancias necess\u00e1rias para se candidatar ao processo.<\/p>\n<h3>Hospital Planalto Itaquera AMA<\/h3>\n<p>Tamb\u00e9m existe uma <em>AMA (Assist\u00eancia M\u00e9dica Ambulatorial)<\/em> no pr\u00e9dio do hospital. A <em>AMA<\/em> atende prioritariamente pacientes com problemas de baixa complexidade, desafogando o pronto-socorro do hospital.<\/p>\n<h3>Hor\u00e1rio de Funcionamento Hospital Planalto Itaquera<\/h3>\n<ul>\n<li>Plant\u00e3o 24 horas<\/li>\n<\/ul>\n<h3>Endere\u00e7o e Telefone Hospital Planalto Itaquera<\/h3>\n<ul>\n<li>Rua Augusto Carlos Bauman, 1074, Itaquera &#8211; S\u00e3o Paulo &#8211; SP<\/li>\n<li>Telefone: (11) 3394-8990<\/li>\n<\/ul>\n<h4>Mapa de localiza\u00e7\u00e3o:<\/h4>\n<a class=\"wp-colorbox-iframe\" href=\"https:\/\/www.google.com\/maps\/embed?pb=!1m14!1m8!1m3!1d14632.12961720956!2d-46.444272!3d-23.5313369!3m2!1i1024!2i768!4f13.1!3m3!1m2!1s0x00x44111e49181a9955!2sHospital+Municipal+Professor+Dr.+Waldomiro+de+Paula!5e0!3m2!1spt-BR!2sbr!4v1497032426859\"><img decoding=\"async\" src=\"http:\/\/www.encontraitaquera.com.br\/imgs\/maps-post.png\"><\/a>\n\n<div style=\"font-size: 0px; height: 0px; line-height: 0px; margin: 0; padding: 0; clear: both;\"><\/div>","protected":false},"excerpt":{"rendered":"<p>O Hospital Municipal Professor Dr. Waldomiro de Paula conhecido popularmente por Hospital Planalto Itaquera, \u00e9 um hospital da rede p\u00fablica e est\u00e1 sobre a responsabilidade da Prefeitura de S\u00e3o Paulo. Localizado em Itaquera, na zona leste de S\u00e3o Paulo foi inaugurado em outubro de 1984 e atende cerca de 17.300 pessoas ao m\u00eas. Al\u00e9m do atendimento de urg\u00eancia, s\u00e3o realizadas consultas e pequenos procedimentos, sem necessidade de agendamentos. Os exames laboratoriais de emerg\u00eancia e de raios-x ser\u00e3o realizados no pr\u00f3prio Hospital Planalto. Hospital Planalto Itaquera Maternidade O Hospital Planalto abriga uma maternidade p\u00fablica, j\u00e1 bem conhecida na regi\u00e3o e na <\/p>\n","protected":false},"author":1,"featured_media":0,"parent":0,"menu_order":0,"comment_status":"closed","ping_status":"closed","template":"","meta":{"footnotes":""},"class_list":["post-9572","page","type-page","status-publish","hentry"],"_links":{"self":[{"href":"https:\/\/www.encontraitaquera.com.br\/sobre\/wp-json\/wp\/v2\/pages\/9572"}],"collection":[{"href":"https:\/\/www.encontraitaquera.com.br\/sobre\/wp-json\/wp\/v2\/pages"}],"about":[{"href":"https:\/\/www.encontraitaquera.com.br\/sobre\/wp-json\/wp\/v2\/types\/page"}],"author":[{"embeddable":true,"href":"https:\/\/www.encontraitaquera.com.br\/sobre\/wp-json\/wp\/v2\/users\/1"}],"replies":[{"embeddable":true,"href":"https:\/\/www.encontraitaquera.com.br\/sobre\/wp-json\/wp\/v2\/comments?post=9572"}],"version-history":[{"count":2,"href":"https:\/\/www.encontraitaquera.com.br\/sobre\/wp-json\/wp\/v2\/pages\/9572\/revisions"}],"predecessor-version":[{"id":9575,"href":"https:\/\/www.encontraitaquera.com.br\/sobre\/wp-json\/wp\/v2\/pages\/9572\/revisions\/9575"}],"wp:attachment":[{"href":"https:\/\/www.encontraitaquera.com.br\/sobre\/wp-json\/wp\/v2\/media?parent=9572"}],"curies":[{"name":"wp","href":"https:\/\/api.w.org\/{rel}","templated":true}]}}