{"id":9745,"date":"2017-06-16T18:23:01","date_gmt":"2017-06-16T20:23:01","guid":{"rendered":"http:\/\/www.encontraitaquera.com.br\/sobre\/?page_id=9745"},"modified":"2017-06-16T18:23:01","modified_gmt":"2017-06-16T20:23:01","slug":"procon-itaquera","status":"publish","type":"page","link":"https:\/\/www.encontraitaquera.com.br\/sobre\/procon-itaquera\/","title":{"rendered":"Procon Itaquera"},"content":{"rendered":"<div class=\"f6a401da1b960306e8d5ff784b0b5528\" data-index=\"1\" style=\"float: none; margin:0px;\">\n<!-- Anuncio display - global -->\r\n<ins class=\"adsbygoogle\"\r\n     style=\"display:block\"\r\n     data-ad-client=\"ca-pub-8585364105181520\"\r\n     data-ad-slot=\"8789329856\"\r\n     data-ad-format=\"auto\"\r\n     data-full-width-responsive=\"true\"><\/ins>\r\n<script>\r\n     (adsbygoogle = window.adsbygoogle || []).push({});\r\n<\/script>\n<\/div>\n<p>O <em>Programa de Prote\u00e7\u00e3o e Defesa do Consumidor ( Procon )<\/em> \u00e9 uma funda\u00e7\u00e3o presente em diversos estados e munic\u00edpios brasileiros com personalidade jur\u00eddica de direito p\u00fablico. \u00c9 uma entidade vinculada \u00e0 <em>Secretaria da Justi\u00e7a e da Defesa da Cidadania<\/em>, cujo objetivo \u00e9 elaborar e executar a pol\u00edtica estadual de prote\u00e7\u00e3o e defesa do consumidor.<\/p>\n<p>Veja mais sobre o <strong>Procon Itaquera<\/strong> abaixo.<\/p>\n<p><img loading=\"lazy\" decoding=\"async\" class=\"alignnone wp-image-9746 \" title=\"Procon Itaquera \" src=\"http:\/\/www.encontraitaquera.com.br\/sobre\/wp-content\/uploads\/2017\/06\/procon-itaquera.jpg\" alt=\"Procon Itaquera \" width=\"638\" height=\"231\" srcset=\"https:\/\/www.encontraitaquera.com.br\/sobre\/wp-content\/uploads\/2017\/06\/procon-itaquera.jpg 522w, https:\/\/www.encontraitaquera.com.br\/sobre\/wp-content\/uploads\/2017\/06\/procon-itaquera-300x109.jpg 300w\" sizes=\"(max-width: 638px) 100vw, 638px\" \/><\/p>\n<h2>Procon Itaquera Agendamento<\/h2>\n<p>O posto de atendimento pessoal do Poupatempo Itaquera trabalha com sistema de agendamento de hor\u00e1rio. <span style=\"text-decoration: underline;\">Sujeito a encerramento de senhas<\/span>. Para agendar, o consumidor passa por uma triagem, que avalia o seu problema, recebe uma senha para retornar em um hor\u00e1rio previamente marcado.<\/p>\n<h3>Hor\u00e1rio de Funcionamento Procon Itaquera<\/h3>\n<ul>\n<li>Segunda a Sexta das 7h \u00e0s 19h e S\u00e1bado das 7h \u00e0s 13h<\/li>\n<\/ul>\n<h3>Endere\u00e7o e Telefone Procon Itaquera<\/h3>\n<ul>\n<li>Avenida do Contorno, s\/n, Itaquera &#8211; S\u00e3o Paulo &#8211; SP<\/li>\n<li>Telefone: 0800 772 3633<\/li>\n<\/ul>\n<h4>Outras Informa\u00e7\u00f5es e Site:<\/h4>\n<ul>\n<li>Mais informa\u00e7\u00f5es:\u00a0<a href=\"http:\/\/www.procon.sp.gov.br\" target=\"_blank\" rel=\"noopener noreferrer\">www.procon.sp.gov.br<\/a><\/li>\n<\/ul>\n<h4>Mapa de localiza\u00e7\u00e3o:<\/h4>\n<a class=\"wp-colorbox-iframe\" href=\"https:\/\/www.google.com\/maps\/embed?pb=!1m14!1m8!1m3!1d14630.984439017511!2d-46.4712308!3d-23.5416324!3m2!1i1024!2i768!4f13.1!3m3!1m2!1s0x00x65f418695d2db346!2sPoupatempo+Itaquera!5e0!3m2!1spt-BR!2sbr!4v1497644529669\"><img decoding=\"async\" src=\"http:\/\/www.encontraitaquera.com.br\/imgs\/maps-post.png\"><\/a>\n\n<div style=\"font-size: 0px; height: 0px; line-height: 0px; margin: 0; padding: 0; clear: both;\"><\/div>","protected":false},"excerpt":{"rendered":"<p>O Programa de Prote\u00e7\u00e3o e Defesa do Consumidor ( Procon ) \u00e9 uma funda\u00e7\u00e3o presente em diversos estados e munic\u00edpios brasileiros com personalidade jur\u00eddica de direito p\u00fablico. \u00c9 uma entidade vinculada \u00e0 Secretaria da Justi\u00e7a e da Defesa da Cidadania, cujo objetivo \u00e9 elaborar e executar a pol\u00edtica estadual de prote\u00e7\u00e3o e defesa do consumidor. Veja mais sobre o Procon Itaquera abaixo. Procon Itaquera Agendamento O posto de atendimento pessoal do Poupatempo Itaquera trabalha com sistema de agendamento de hor\u00e1rio. Sujeito a encerramento de senhas. Para agendar, o consumidor passa por uma triagem, que avalia o seu problema, recebe uma <\/p>\n","protected":false},"author":1,"featured_media":0,"parent":0,"menu_order":0,"comment_status":"closed","ping_status":"closed","template":"","meta":{"footnotes":""},"class_list":["post-9745","page","type-page","status-publish","hentry"],"_links":{"self":[{"href":"https:\/\/www.encontraitaquera.com.br\/sobre\/wp-json\/wp\/v2\/pages\/9745"}],"collection":[{"href":"https:\/\/www.encontraitaquera.com.br\/sobre\/wp-json\/wp\/v2\/pages"}],"about":[{"href":"https:\/\/www.encontraitaquera.com.br\/sobre\/wp-json\/wp\/v2\/types\/page"}],"author":[{"embeddable":true,"href":"https:\/\/www.encontraitaquera.com.br\/sobre\/wp-json\/wp\/v2\/users\/1"}],"replies":[{"embeddable":true,"href":"https:\/\/www.encontraitaquera.com.br\/sobre\/wp-json\/wp\/v2\/comments?post=9745"}],"version-history":[{"count":1,"href":"https:\/\/www.encontraitaquera.com.br\/sobre\/wp-json\/wp\/v2\/pages\/9745\/revisions"}],"predecessor-version":[{"id":9747,"href":"https:\/\/www.encontraitaquera.com.br\/sobre\/wp-json\/wp\/v2\/pages\/9745\/revisions\/9747"}],"wp:attachment":[{"href":"https:\/\/www.encontraitaquera.com.br\/sobre\/wp-json\/wp\/v2\/media?parent=9745"}],"curies":[{"name":"wp","href":"https:\/\/api.w.org\/{rel}","templated":true}]}}